-16. Determine z(a).
7
Let o(v) = -2*v + 0 + 3 + 1. Let s = -9 - -25. Suppose 0 = -t - 3*m + s - 7, 3*t = -3*m + 15. Determine o(t).
-2
Let j(a) = -a**2 + 4*a - 5. Let o(c) = c**2 + 11*c + 14. Let v be o(-10). Give j(v).
-5
Let r(d) = 8*d**2 + d + 3. Let b(m) = 16*m**2 + 2*m + 7. Let s(l) = -2*b(l) + 5*r(l). What is s(-1)?
8
Let g be 1/((-1)/2) + -1. Let v(b) = 2*b**2 + 4*b - 1. Determine v(g).
5
Let a(i) = i**2 - i - 7. Let n be a(4). Let f(k) = k**2 - 6*k - 7. Determine f(n).
-12
Let u(o) be the first derivative of -o**4/4 + 10*o**3/3 - 9*o**2/2 + 3*o - 2. Let t be u(9). Let b(z) = -4 + 8 + t + 2*z. Determine b(-5).
-3
Let b(v) be the second derivative of -v**5/20 + 7*v**4/12 - v**3/3 + 9*v**2/2 + 55*v. Calculate b(7).
-5
Let c be (-27)/(-30) + 6/10. Let z(l) be the first derivative of c*l**2 - 3 + 0*l. Determine z(-3).
-9
Suppose -t - 4 = -4*t + 2*u, -4*u + 10 = 3*t. Suppose k + 20 = 6*k, -5*k = t*o - 28. Let c(f) = 2*f + 3*f**2 + 7*f**3 - 3*f - 5*f**2 + o*f**2. Give c(1).
8
Let o(x) = -x + 7. Let m(v) = v**3 + 10*v**2 + 10*v - 9. Let d be m(-9). Let a = 34 + d. Suppose 9 + a = 5*p. Calculate o(p).
2
Suppose f = -0*f. Let l(t) = t**2 - 6*t + 2. Let v be l(6). Suppose z + 7*u = v*u - 2, f = 4*z - 5*u + 8. Let s(x) = 3*x. Calculate s(z).
-6
Let d(y) = -5*y**2 + y**2 + 5*y**2. Let l be d(-1). Let p(o) = o - l - 2 - 3*o + 0*o. Give p(-5).
7
Let q(v) = 2*v**2 + 4*v + 2. Let g be (3 + (-57)/15)/(4/10). Determine q(g).
2
Let k(g) = -5*g**2 - 13*g - 5. Let z(c) = -c**2 - 3*c - 1. Let u(p) = 2*k(p) - 9*z(p). Let h(j) = -5*j**2 + 5*j - 7. Let r(l) = h(l) - 6*u(l). Give r(-2).
5
Suppose 5*p - 21 = 4. Let w(h) = 3*h**3 - 22*h**2 - 10*h + 25. Let b(c) = -c**3 + 7*c**2 + 3*c - 8. Let m(z) = -7*b(z) - 2*w(z). Give m(p).
1
Let x(c) be the second derivative of -7*c**5/60 - c**3/6 + 3*c**2/2 + 6*c. Let a(y) be the first derivative of x(y). Determine a(-1).
-8
Suppose -5*q = -1 - 4. Let z(j) be the second derivative of -1/2*j**2 + 1/12*j**4 + 0*j**3 + 0 - 6*j. Calculate z(q).
0
Let n(g) = 5*g**3 - 4*g**2. Let c(t) = -14*t**3 + 11*t**2. Let i(l) = 4*c(l) + 11*n(l). Determine i(1).
-1
Let f(k) = -k**2 - 5*k - 1. Let m be (-6)/(-6) - (-42)/2. Let z be (m/(-4) - -3)*2. Determine f(z).
-1
Let v(z) be the first derivative of z**3/3 + 5*z**2/2 - 3*z + 28. Let y(w) = -3*w - 1. Let p be (-3 + 1)*(-4)/8. Let f be y(p). Calculate v(f).
-7
Let l(u) = -5 + 0*u**2 + 0 - 2*u - 2*u**2. Let f(g) = g**2 + g - 1. Let q(h) = -20. Let t(b) = 5*f(b) - q(b). Let p(a) = -8*l(a) - 3*t(a). Determine p(0).
-5
Let s = 7 + -5. Let y(l) = -l**2 + 4 - 2 - 2*l - 6 + 2*l**s. Suppose -3*q - z + 19 = -6*z, -4*z - 8 = 0. Give y(q).
-1
Suppose -i - 6 = -4. Let q = 2 - i. Let s(r) be the second derivative of -r**4/12 + r**3/3 + r**2/2 - r. Determine s(q).
-7
Let q(c) = 5*c. Suppose -5 + 45 = 10*u. What is q(u)?
20
Let u(a) = 1 - 4*a - 3*a + 0*a**2 + a**2. Let z(w) = -w**2 - 10*w - 12. Let s be z(-8). Determine u(s).
-11
Let i(u) = 2*u**2 - 3*u + 2. Let a be (6/(-8))/(7/(-28)). Determine i(a).
11
Let q(h) = -h**3 - 4*h**2 + 6*h - 2. Let v(b) = b**2 - 6*b + 15. Let s(w) = w. Let k(f) = -6*s(f) + v(f). Let p be k(10). Determine q(p).
-7
Let w(g) = 5*g - 2*g**2 - g**3 - 1 + g - 5*g. Let p = -6 - -4. Give w(p).
-3
Let x be (-1)/((-7)/(-2)) + 54/42. Let s(f) = 10*f**2 - 1. What is s(x)?
9
Let v(g) = g**3 - 5*g**3 + 0*g + 4*g - 5*g. Suppose -5*p = -3*f - 14, 2*f = -2*p + 7 + 5. Let q(k) = -k + 1. Let h be q(f). Give v(h).
5
Let h(w) = w**3 + 5*w**2 - w + 1. Suppose 8*z - 14 = -54. What is h(z)?
6
Let j(f) = f**3 - 4*f**2 - f + 3. Let x be j(4). Let p(i) = -7*i - 1. Let w(s) = 2 + 6*s + 13*s - 5*s. Let u(k) = 7*p(k) + 4*w(k). Determine u(x).
-6
Let k(n) = -n + 6. Let c be (1 - 15/(-3))/2. Suppose -4*b = -o - 20 - 3, -5*b + c*o + 20 = 0. Let i(d) = 2*d - 9. Let s be i(b). What is k(s)?
1
Let z(h) = 5*h**2 + 11*h - 9. Let f(i) = 4*i**2 + 10*i - 8. Let u(d) = 6*f(d) - 5*z(d). Let w(p) = 6*p - 26. Let b be w(5). Determine u(b).
1
Let m(z) = 3*z**3 + 9*z**2 - 12*z - 8. Let h(x) = 5*x**3 + 13*x**2 - 18*x - 12. Let y(v) = 5*h(v) - 8*m(v). Let r be 6/(-9) - 40/(-6). Calculate y(r).
4
Let g(v) = -1. Let z(t) be the third derivative of -1/3*t**3 - t**2 + 0 - 1/24*t**4 + 0*t. Let d(y) = 5*g(y) + z(y). Calculate d(-3).
-4
Let o(s) be the first derivative of s**4/4 - 2*s**3/3 + s**2 - s + 1. Let g(c) = c**2 - 10*c + 2. Let k be g(10). Give o(k).
3
Let a(u) = u**2. Let n be a(1). Let v = -31 + 33. Let p(j) = -3*j**2 + j**3 - 2 + n - 2*j + 3 + j**v. Calculate p(3).
5
Let n(i) = -i**2 + 10*i + 2. Let z(p) = -6*p**2 + 51*p + 9. Let t(a) = 11*n(a) - 2*z(a). What is t(-7)?
-3
Let u(q) = q**3 - 3*q**2 + 2*q. Let h(k) = 3*k + k + 0*k + 0*k - 1. Let s be h(1). What is u(s)?
6
Let q(r) = r**3 - r**2 + r - 1. Let n(t) = 7*t**3 - 2*t**2 + 9*t - 2. Let k(f) = -n(f) + 6*q(f). Give k(-3).
-4
Let f(c) = 2*c**2 - 2*c - 1. Let r(i) = -14*i + 12. Let u be r(8). Let m be u/(-16) + (-2)/8. Suppose -3*l + g + 12 = m*g, g = 2*l + 5. Give f(l).
3
Let v be 1*(-1 + 0) + (16 - 15). Let m(a) = a**2 + 4. Give m(v).
4
Let t(z) be the second derivative of z**7/420 + z**6/120 + z**5/30 + z**4/12 - z**3/6 - z. Let k(h) be the second derivative of t(h). What is k(-2)?
-10
Let k be (0 + 4)*(-1)/(-2). Suppose -3 = z - k. Let q = -2 - z. Let f(l) = 3*l + 1. What is f(q)?
-2
Let y(u) = u + 1. Let z(l) = -4*l - 3. Let f be z(-2). Let r(d) = d - 4. Let q be r(9). Let h = f - q. Determine y(h).
1
Let o(w) = -3 + 3*w + 3*w**3 + 4*w**2 - 4*w**3 + 2*w. Give o(5).
-3
Let d = -4 + 7. Let h(c) = -c**3 + 3*c**2 + 3*c + 3. Let u be h(d). Suppose -4*t - u = 4*k, -2*t - 6 = -4*t + 4*k. Let z(j) = j + 1. Determine z(t).
0
Let d(g) be the third derivative of -g**5/60 + 3*g**4/8 - 3*g**3/2 - g**2. Let r = -243 - -249. Give d(r).
9
Let k(m) = 3*m**2 + 1. Suppose d - 7 = -5. Give k(d).
13
Let u(k) = -2*k**3 + 6 - k + k**3 + 5*k**2 - 2*k. Calculate u(4).
10
Let y(r) = 4861 - 10*r - r - 4858. Determine y(2).
-19
Let s(l) = l**2 + 5*l - 10. Let i be s(-7). Let z(m) = -3 + 0*m**2 + 4*m - m - i*m + m**2. Let u be z(3). Let q(x) = -x + 2. Give q(u).
-1
Let v(x) = x**3 + x. Let m(r) = 7*r**3 - 3*r**2 + 8*r + 2. Let z(l) = m(l) - 6*v(l). Let f = -20 - -22. Determine z(f).
2
Let q(l) = l**2 - l + 5. Let c(k) = k**3 - 6*k**2 + 3*k + 10. Let i be c(5). Determine q(i).
5
Let b(j) be the third derivative of -j**5/60 - j**4/6 - j**3/2 - 10*j**2. What is b(-4)?
-3
Suppose -3*s = -5*i + 13, 0*s + 2*s = 3*i - 7. Suppose -5*n + 2*n + 23 = u, s*n = -u + 29. Let h(j) = -j**2 + 6*j + 4. Give h(n).
4
Let v(y) = -y**2 - 6*y + 3. Let h be v(-6). Let s = h - 0. Let g(r) be the second derivative of r**5/20 - r**4/6 - r**3/6 - 2*r**2 - 2*r. Determine g(s).
2
Let w(v) = -v - 3. Let h(c) = c**2 - 8. Let k be h(0). Let o be 5*1*k/20. What is w(o)?
-1
Let c(d) = d**2 + 3*d - 2. Let p(r) = r**3 + 4*r**2 - 5*r - 3. Let n(i) = -i**2 - 12*i - 16. Let z be n(-11). Let l be p(z). Determine c(l).
-2
Let l be (-10)/(-1)*6/4. Let r be (-80)/l + 4/(-6). Let j = -5 - r. Let h(c) = 5*c**2 + c. Give h(j).
6
Let c(z) = 5*z + 8. Let h(p) = -2 - 6*p - 1 + 2 - 8. Let f(q) = 7*c(q) + 6*h(q). Let i = 2 + 3. Calculate f(i).
-3
Suppose 12*k - 8*k = 12. Let o(w) = -w**3 + 5*w**2 - 2*w - 2. Determine o(k).
10
Let k be (-75)/(-10)*4/6. Let a(m) = k - 1 - 4*m**2 - 2 - 3. Let o be a(1). Let w(i) = 2*i + 2. What is w(o)?
-8
Let v(z) = -z**3 + 4*z**2 - 3*z + 5. Let l be -1*(-3)/((-9)/(-12)). Determine v(l).
-7
Let x(z) = 2*z + 2. Suppose 0 = 4*r + 47 - 31. What is x(r)?
-6
Let b = 11 + -5. Suppose 14 = b*m - 4*m. Suppose -m = -4*q + 13. Let v(x) = x**2 - 4*x - 5. Calculate v(q).
0
Let t(h) = 0*h - 5*h**2 - h**3 + 2*h**3 + h + 3. Let v = 0 - -5. Determine t(v).
8
Suppose -u = -0*u - 1. Suppose u = 2*v - 13. Suppose -l - v = -2. Let h(g) = g**3 + 6*g**2 + 5*g - 6. Calculate h(l).
-6
Suppose 0 = -0*l - 2*l - 8. Let u(f) = f**2 + f - 2. Calculate u(l).
10
Suppose -5*s + 74 = -36. Let l(b) = -b + 15 - s + 2*b. Determine l(5).
-2
Let l(q) = -4*q + 4*q - 5*q - 1 + 2*q. Let r be l(-1). Let x(p) = 4*p - 3. What is x(r)?
5
Let f = 9 - 6. Let i(u) = f - 3 + 0*u + u + 1. Determine i(4).
5
Let a(p) = 0 - 8*p**3 + 0 - 1 + 7*p**3 + 6*p - 3*p**2. What is a(-5)?
19
Suppose 5*o = 4*x + 7, -3 = 4*x - o + 8. Let r(a) = -8*a - 2. Determine r(x).